) = 2*y**3 - 23*y**2 + 31*y - 11. Let w(b) = 5*a(b) - 3*c(b). Let h(m) = -m. Let n(p) = -4*h(p) + w(p). Give n(8).
-5
Let d = 47 - 44. Suppose -3*i + 4 = 2*k + i, 4 = 2*k - d*i. Let f(b) = k - 7*b**2 - 3*b + 9*b**2 + 2. What is f(3)?
13
Suppose -h + 5*f + 11 = -17, h + 2*f = 0. Let w(o) = 1619*o - 4 - 3*o**2 + 1594*o + 4*o**2 + 0 - 3217*o. Determine w(h).
28
Let s(f) be the first derivative of f**3/3 + 29*f**2/2 - 45*f + 5057. Determine s(-29).
-45
Let i(r) be the first derivative of -45*r**2/2 - r - 606. Determine i(1).
-46
Suppose 68*l - 214 = 1 + 125. Let p(i) = i**2 - 10. Give p(l).
15
Let p(g) = -94*g**2 + 3*g - 281. Let j(o) = 19*o**2 - 3. Let t(u) = 5*j(u) + p(u). What is t(16)?
8
Let k(o) be the second derivative of -1/360*o**6 + 10*o + 0 - 1/12*o**4 + 1/24*o**5 + 0*o**2 + 4/3*o**3. Let g(y) be the second derivative of k(y). Give g(6).
-8
Let r(a) = -a**3 + 5*a**2 + 12*a + 19. Suppose -22817*m - 175 = -22842*m. Give r(m).
5
Let u(t) = -t**2 - 8*t - 11. Let z be ((-9)/(-6) + -2)/((-15)/210). Suppose 0 = 4*g + r + 39, 3*g - z = -2*r - 40. What is u(g)?
-20
Let n = -4 + 3. Let t(q) = -3*q + 21550071 + 26*q - 21550070. Calculate t(n).
-22
Let x be 0 + 10/25 + 1254/15. Let n = x - 89. Let a(t) = t**3 + 5*t**2 - 3*t - 2. Give a(n).
13
Let k be 6/15 + (-672)/30 + 12. Let t(p) = p**2 + 11*p - 13. What is t(k)?
-23
Let r = -568089 - -568082. Let o(v) be the first derivative of -v**4/4 - 3*v**3 - 4*v**2 + 2*v - 1. Calculate o(r).
-40
Let k(z) = -9*z**3 - 53*z**2 - 8*z - 1. Let o(w) = 4*w**3 + 24*w**2 + 5*w. Let g(c) = 3*k(c) + 7*o(c). Give g(-8).
-27
Let u(r) = 9*r - 4. Let b(f) = 4*f - 7. Let l(d) = 2*d - 4. Let a(p) = -3*b(p) + 5*l(p). Let o = -629 - -630. Let i(x) = o*u(x) + 4*a(x). Determine i(3).
3
Let l(g) = -13*g + 56. Suppose -6*b = 0, 5*v + 0*b = b + 4*b + 25. Calculate l(v).
-9
Let j(t) = t**2 + 2*t - 8. Let z = -101 + 112. Let n be (z - -3)/(4 - 6). Give j(n).
27
Let f(m) = -36*m - 74 + 19*m + 24*m - 14*m. What is f(-16)?
38
Suppose -6*o - 862 = 128. Let a be ((-22)/(-5))/((-33)/o). Let j(c) = -15*c**2 + c**3 + a*c**2 - 3*c**2 + 2*c + 2. Determine j(-4).
-6
Let n(p) = 25*p + 2. Let r(z) = -1320*z - 429. Let o(x) = -55*n(x) - r(x). Give o(6).
-11
Let g(n) = -2*n - 1. Suppose 7*s + 30 = -23*s. Let w(p) = -p + 6. Let d(r) = s*w(r) - 5*g(r). What is d(3)?
32
Let r(c) be the first derivative of -4*c**3/3 - 20*c**2 + 15*c + 5515. What is r(-10)?
15
Let d(g) = -4*g**2 - 8*g - 1. Let n(o) = -o. Let c(s) = -d(s) + 6*n(s). Let y(u) = 9*u + 21*u**2 + 65 - 32 - 27. Let r(z) = 11*c(z) - 2*y(z). Calculate r(-3).
5
Let u(a) = 4*a - 5. Suppose -6*f - 114 + 132 = 0. Suppose 3*z - 4*v - 2 = 0, z + f*v - 6*v + 1 = 0. Give u(z).
3
Let l(p) = 7*p**2 + 7*p - 91. Let f(n) = -10*n**2 - 10*n + 136. Let q(h) = 5*f(h) + 7*l(h). Determine q(8).
-29
Let h(o) = -2*o**2 - 14*o + 75. Suppose 16 - 89 = -9*j - 37. Give h(j).
-13
Suppose -9*y + 2 = -3*d - 5*y, 3*d + 4*y - 38 = 0. Let x(j) = -3*j - 3*j - 4*j - 4 + 3*j + d*j. Give x(-2).
-2
Let u(d) = 5*d**2 - 1 + 3*d - 4*d**2 - 6*d. Let w(s) = s**3 - 7*s**2 - 31*s + 18. Let y be w(10). Suppose 5*z = 3*f - 25, -10*z = -y*z + 4. Determine u(f).
9
Suppose -78 = -i + 27*i. Let n(r) = 2*r**2 + 7*r + 10. Give n(i).
7
Let d(n) = n**3 + 0*n - 12*n - 2 + n**2 + 7*n - 6*n**2 + 10*n. Calculate d(4).
2
Let c(p) = -90*p - 1. Let g(l) = -25*l. Let v(r) = 6*c(r) - 23*g(r). What is v(1)?
29
Let q(f) = 147*f + 450. Let m be q(-3). Let j(b) = b**3 - 9*b**2 - 5*b + 14. Determine j(m).
-31
Let y(z) = -z. Let a(r) = 3*r + 15. Let w(t) = a(t) + 2*y(t). Let i(d) = -4*d**2 - 9*d. Let g be 0/(-10 - 117/(-9)). Let k be i(g). Determine w(k).
15
Let r(u) = u**3 - 5*u**2 - 5*u - 1. Suppose 3*a = -48*h + 50*h + 63, 2*h + 46 = 2*a. Let i be 182/8 + 1/4. Let t = i - a. Determine r(t).
5
Let p(u) = -u**2 + 13*u + 3. Let f be p(13). Let m(y) = f*y**2 + 1454*y - 2*y**2 - 1452*y - 3. Determine m(-3).
0
Let d(c) = c**3 - 17*c**2 - 35*c - 59. Let n be d(19). Let b be (-9 + 8)/(2/(-4 + n)). Let q(o) = 3*o - 4. What is q(b)?
5
Let w(b) = 4*b - b**2 + 361 - 7*b - 2*b - 356. Suppose 4*x - l = -2*l - 67, -4*x - 70 = 2*l. Let v be (6/(-8))/((-4)/x) + -3. Calculate w(v).
-1
Suppose 77 = 31*f - 171. Let j(h) = -9*h**2 - 4 + 32*h - 9 + 2 + h**3 - 23*h. Give j(f).
-3
Let l(g) = 5*g**2 - 3*g. Let m be -5 + -1 - -3 - (-30)/(-3 - -9). Determine l(m).
14
Let w(i) = 20*i**2 + 9*i - 43. Let f = -244 - -261. Let s(h) = 7*h**2 + 3*h - 15. Let l(q) = f*s(q) - 6*w(q). Determine l(-2).
5
Suppose 4 - 12 = -2*c. Suppose -3*t = -c*t - 8. Let y(f) be the first derivative of f**3/3 + 3*f**2 - 11*f - 37. Determine y(t).
5
Let t(k) = -11*k**2 - 6 + 6 + 41*k - k**3 + 2*k**3 + 7 - 58*k. Give t(12).
-53
Let o(x) be the second derivative of -x**4/12 + x**3/6 + 7*x**2/2 - 41*x - 2. Give o(7).
-35
Let p(o) = 9*o**2 - 29*o - 510. Let r(g) = 4*g**2 - 15*g - 258. Let b(t) = -3*p(t) + 7*r(t). Give b(-10).
4
Let k(g) = 12*g**3 - 47*g**2 + 410*g - 25. Let n(m) = -m**3 + 4*m**2 - 33*m + 2. Let f(c) = 2*k(c) + 25*n(c). Let i be 1*8/10*5. What is f(i)?
12
Suppose 304*v - 361*v + 114 = 0. Let h(z) = -13*z**2 - 11*z + 1. Calculate h(v).
-73
Let j = 145 - 141. Let p(m) be the third derivative of 5*m**4/24 - 17*m**3/6 + 94*m**2. What is p(j)?
3
Let x(t) = -t**2 + 31*t - 225. Let k be x(12). Let n(o) = 8*o**2 - 6*o + 2. What is n(k)?
56
Let h = -1831 + 1841. Let d be (-6)/5*220/(-8). Let u be (-15)/h - d/(-6). Let k(l) = l**3 - 3*l**2 + 3*l - 5. Give k(u).
23
Let v(i) = -i**2 + 93 - 60 + 34*i - 53*i. Determine v(-22).
-33
Let g(y) = -y**3 - 5*y**2 - 4*y - 2. Let c be g(-4). Suppose 21*p - 20*p = -4*q + 43, -q + 22 = 4*p. Let t(m) = -8 + 19 - 1 + 5*m - q. Calculate t(c).
-10
Let b(h) be the third derivative of -h**5/60 + 5*h**4/8 - 17*h**3/3 + 1888*h**2. Calculate b(12).
2
Let f(d) = -5*d - 43. Let x(c) = -2*c - 28. Let j(l) = 3*f(l) - 5*x(l). What is j(-6)?
41
Let a(m) = m**2 - 24*m - 176. Let x be a(-6). Let n(w) be the second derivative of 7/6*w**3 + x*w**2 + 10*w + 0 + 1/12*w**4. Calculate n(-6).
2
Let p(q) be the third derivative of 1/6*q**3 + 1/12*q**4 + 0*q - 21 - 1/60*q**5 + 2*q**2. Give p(6).
-23
Let p(c) = -3*c**3 - 2*c**2 + 3*c - 3. Suppose 0 = -a - 3*t - 13, 7*t - 5*t = -a - 8. Give p(a).
-29
Let m(h) = -h - 25. Suppose 2*g + 73 = 63, -11*s + 5*g = 140. Determine m(s).
-10
Let l(c) = -5*c + 7. Let f(q) = 22*q + 12. Let j(h) = -2*f(h) - 6*l(h). What is j(-5)?
4
Suppose -5*n = 4*a - 29, 20 = 5*a + 15. Let w(l) = 3*l + 5. What is w(n)?
20
Let j(h) = -3*h - 25. Suppose -117 = 11*q + 2*q. Let s be j(q). Let n(l) = -5*l**2 + 21*l**s + l + 1 + l**2. Determine n(-1).
17
Let r(t) be the first derivative of t**4/12 + t**3 - 5*t**2/2 + 58*t - 124. Let a(h) be the first derivative of r(h). Give a(-6).
-5
Let r(t) = t**3 + t**2 - 3*t + 5. Let y = 18 + -40. Let q = 22 + y. Let g be r(q). Let n(l) = -l**3 + 5*l**2 - 3*l + 6. What is n(g)?
-9
Let j(l) = -37*l**2 - 18*l - 10. Let m(i) = -109*i**2 - 44*i - 27. Let z(w) = -8*j(w) + 3*m(w). Calculate z(1).
-20
Let j(o) = -5*o - 10. Let x(q) = 2*q + 2*q - 1 - 5*q. Let p(g) = -j(g) + 4*x(g). Let i be p(-8). Let n(z) = -z**3 + 2*z - 1. What is n(i)?
3
Let f(p) = p**2 - 9*p + 35. Let w be f(7). Suppose w*k = 27*k + 12. Let v(d) = d**2. Determine v(k).
4
Let l be 15 + -15 - (-184)/(-46). Let m(s) be the first derivative of 1 - 2*s + 0*s**2 + 4/3*s**3 + 1/4*s**4. Determine m(l).
-2
Let f be 0 - (-8 + 5 + -2) - -1. Let n(t) = f*t - 11*t + 6*t. What is n(6)?
6
Let i(c) = -c**3 + c + 1. Let w(m) = 14*m**2 + m - 6. Let x(v) = -2*i(v) + w(v). Let s be x(-7). Let a(k) = -28*k**3 - k**2 - k - 1. Give a(s).
27
Let h(q) = -178*q + 938. Let t(l) = 20*l - 102. Let r(j) = 3*h(j) + 26*t(j). Calculate r(12).
-6
Let n(a) = a**2 + 39*a + 276. Let d be n(-29). Let r(p) = -p**3 - 15*p**2 - 19*p - 9. Calculate r(d).
61
Let s(h) = h + 5. Let r(y) = -y - 11. Let o(v) = 4*v**3 + 175*v**2 - 45*v - 42. Let d be o(-44). Let m(g) = d*s(g) + r(g). Determine m(-3).
-4
Let r(s) be the third derivative of -1/12*s**5 + 0*s + 5/6*s**3 + 1/120*s**6 + 1/24*s**4 + 14*s**2 - 1. Give r(4).
-7
Suppose -5*l - 22 = -m, -3*m - 114 = -4*l - 125. Let g(v) = -2*v**2 + 6*v + 23. Calculate g(m).
-13
Let v(i) = -2*i**2 - i - 14. Let d(h) = 5*h**2 + 2*h + 30. Let o(w) = 6*d(w) + 13*v(w). Let l(x) = 5*x**2 - 4*x